 of p?
2, 5
Let k be (-16)/(-6)*6/4. Suppose 20 = -k*y + 6*y. Suppose 4*h - 7*h - 5 = -m, 2*m = -4*h + y. What are the prime factors of m?
5
Let u be 1/(((-14)/(-12))/(-7)). Let d be (-2)/(-4) + (-15)/u. Suppose 4*o + 8 = 0, -o - 2*o = -d*a + 42. What are the prime factors of a?
2, 3
Let f = 22 + 118. What are the prime factors of f?
2, 5, 7
Let q = 1 - -16. Let g = q + -12. What are the prime factors of g?
5
Let l = -253 + 510. What are the prime factors of l?
257
Suppose 2*t = t + 23. What are the prime factors of t?
23
Suppose h + 1 + 1 = 0, -i + 4*h = -92. What are the prime factors of i?
2, 3, 7
Let b be (-798)/54 + (-4)/18. Let m = b + 33. List the prime factors of m.
2, 3
Suppose -4*d + 717 = 29. What are the prime factors of d?
2, 43
Let r(k) = 6*k**3 + k**2 - 3*k - 10. Let j(t) = 5*t**3 + 2*t**2 - 2*t - 9. Let n(d) = 5*j(d) - 4*r(d). List the prime factors of n(-4).
19
Let x(j) = -j**3 - 9*j**2 - 9*j - 11. Let b be x(-8). List the prime factors of 3*(-2)/(6/b).
3
Let q be (-86)/18 + (-8)/36. Let u(j) = -j - 11. Let g be u(q). Let k = g + 13. List the prime factors of k.
7
Suppose -3*o - 462 = -3*g, -6 = -0*o - 2*o. Suppose 18 = 4*t + 5*l - g, -t + 3*l = -31. List the prime factors of t.
2, 5
Suppose 0 = 3*v - 2*a - 72, 11 = 5*v - 4*v - 5*a. Suppose 4*y + 4*q - v = -6, y - q - 15 = 0. What are the prime factors of y?
2, 5
Let n(y) = -8*y**2 + y. Let a be n(-1). Let k = -15 - a. What are the prime factors of (-28)/k - (-6)/(-9)?
2
Suppose 3*m + 0*m - 3*q = 699, 0 = 5*m + 5*q - 1215. What are the prime factors of m?
2, 7, 17
Let v = 23 + -19. Suppose -5*t + 75 = 5*c - 0*t, -10 = -3*c + v*t. List the prime factors of c.
2, 5
List the prime factors of ((-2)/4)/(1/(-130)).
5, 13
Let b(x) = x**3 + 8*x**2 + x + 11. Let n be b(-8). Suppose n*v - 56 = -v. What are the prime factors of v?
2, 7
Let t be 58 - (0/(-4) - -2). Let j = -40 + t. What are the prime factors of j?
2
Let a(z) = -48*z**3 + z**2 + 2*z + 1. Let s be a(-1). Suppose -2*h - 2*h = -s. List the prime factors of 2/4 - (-114)/h.
2, 5
Suppose 0 = -2*q - 0*q + 62. List the prime factors of q.
31
Let q = -8 + 12. Suppose -q*d - d = 5*x - 30, -4*d + 2*x = -6. List the prime factors of d.
3
Suppose 4*k = 13 + 15. List the prime factors of k.
7
Let u(t) = -5*t - 1. Let f be u(1). Let s(n) = 3*n**2 + n**3 + 9*n + 8*n**2 - 3*n**2 + 1. What are the prime factors of s(f)?
19
Let n(m) = 17*m + 19. List the prime factors of n(5).
2, 13
Let d = 3 + 0. Suppose 2*r + 8 = -p, -3*p - 7*r - 22 = -d*r. What are the prime factors of ((-3)/(-2))/(p/(-16))?
2
Suppose -2*x - 2*j = 12, -4*x - 4 = -j + 10. Let z(q) = q**2 + 4*q + 6. Let u be z(x). What are the prime factors of -4*((-27)/u - -3)?
2, 3
Suppose 0*c = -2*c + 16. Let b(k) = -k**2 + 10*k + 1. What are the prime factors of b(c)?
17
Suppose 0 = 5*f + 4*o - 149 - 80, -f + 41 = 2*o. What are the prime factors of f?
7
Let d(x) = 15*x - 4. Let i be d(7). Let y = i + -68. What are the prime factors of y?
3, 11
Let b = 103 + -43. List the prime factors of b.
2, 3, 5
Let f(w) = w**2 + w + 3. Let p be f(0). Suppose -p = v - 10. What are the prime factors of v?
7
Suppose -2 = 5*x - 37. Let h = -5 + x. Suppose -3*s = 3*t - 9, -s + 12 = -h*t - 0. What are the prime factors of s?
2, 3
Let v(n) = 12*n**2 + 2*n - 1. List the prime factors of v(-2).
43
Suppose -3*m + 11 = -4. Let w = m - -8. What are the prime factors of w?
13
Let k(f) = f**3 + 7*f**2 - 6*f - 7. Let n be k(-6). Suppose 6*c = -5*o + 2*c + n, -2*o + 38 = 4*c. List the prime factors of (-1 - -2)*3 + o.
2, 3
Let u = 10 - 2. Suppose d - u = -1. What are the prime factors of d?
7
Suppose -5*b = 2*f - 0*b - 55, 3*f = -2*b + 88. What are the prime factors of f?
2, 3, 5
Let p(t) = t**2 + 3*t - 2. Let a be p(-4). Let m be 1/a - 22/(-4). Let u = m + 4. What are the prime factors of u?
2, 5
Let i be ((-10)/30)/((-2)/438). Let g = i - 34. List the prime factors of g.
3, 13
Let z(c) = c**3 - 9*c**2 - 12*c + 15. Let p be z(10). Let f = p + 9. List the prime factors of f.
2
Suppose 0 = 2*k - 3*k. Suppose k = -4*q - z + 6 + 5, -4*z - 19 = -5*q. Suppose -4*p + 4 = q*h - 29, -16 = -2*p - 2*h. What are the prime factors of p?
3
Let n = -14 - -46. Suppose 0 = -4*h - 3*g + 5*g + n, 4*h - 4*g - 32 = 0. List the prime factors of h.
2
Let h = -45 - -162. What are the prime factors of h?
3, 13
Suppose 13 = 5*n + 3. Suppose a = 5*u + 5*a - 56, n*u - 8 = 2*a. Suppose u = 4*p - 3*q, -p = -2*q - 2 + 5. List the prime factors of p.
5
Let x(w) = -w**2 + 10*w - 1. Let o be 1/(-1)*(-9)/3. Suppose -y - o*y = -36. List the prime factors of x(y).
2
Suppose 0 = 4*m + z - 12 - 9, 5*z = -3*m + 20. Let l = -1 + m. What are the prime factors of 3/2 - (-10)/l?
2
Suppose t - 5 = -x - 3*t, 4*x + 2*t = -22. Let h = -2 - x. What are the prime factors of h?
5
Let g(a) = a**2 - 9. Suppose 0 = -0*k + k + 7. Let c be g(k). Let m = c - 25. List the prime factors of m.
3, 5
Suppose -3*b - 2*b = 4*t - 16, -4 = b - t. Suppose b*g + g = 8. What are the prime factors of g?
2
Suppose 38 = 2*l - 12. Suppose -3*b - t + 53 = -7*b, -2*b + 3*t - 19 = 0. Let i = b + l. What are the prime factors of i?
11
Suppose -d - 5*a = 13, 17 = d - 6*a + a. Suppose q - 2*q - d = 0. Let x(r) = -6*r + 2. List the prime factors of x(q).
2, 7
Let g be ((-4)/6)/((-3)/18). Suppose -g*p + 6 + 67 = -w, 2*w - 44 = -2*p. List the prime factors of p.
19
What are the prime factors of (-710)/(-6) - (0 + (-5)/(-15))?
2, 59
Suppose -5*b = -16 + 41. What are the prime factors of (2/(-6))/(b/105)?
7
Suppose 0*j = -3*j - 3*z + 18, -3*z = j - 10. List the prime factors of j.
2
Let o be 1/(-1) + -1 + 3. Suppose 5*p = -l - 4, -l = 3*p - 0*p + 2. Let r = o - p. List the prime factors of r.
2
Suppose -5 = -3*f - 2*f. Suppose -4*n - 15 = -l, -2*n + f = 4*l - 5. What are the prime factors of n - -3 - 2*-1?
2
List the prime factors of (0 + (-1 - -2))*(-1 + 348).
347
Suppose -40 = -4*z + 4*j, 0*z - 4*z + 42 = -5*j. Suppose 0 = -3*t + t + z. List the prime factors of t.
2
Let m(h) = h**3 + 2*h - 1. Let c = -3 - -4. Let z be m(c). Suppose -19 = -2*y + k, -3*y + 39 = -0*k + z*k. What are the prime factors of y?
11
List the prime factors of 964/3 - 16/12.
2, 5
Let s be (-75)/(-10)*4/6. Suppose -4*r + 42 = s*o, 2*o - 6 = -2*r + 14. List the prime factors of r.
2
Let s(v) = -v + 13. Let z be s(10). Suppose 11 = 7*l - z*l - 3*o, -l + 3*o + 5 = 0. Suppose -4*i + 2*t + l*t = -24, -i + 18 = 2*t. List the prime factors of i.
2, 5
Suppose 3*b - 15 = 0, 5 + 20 = 5*y + 5*b. Suppose 2*z - 18 + 4 = y. What are the prime factors of z?
7
Suppose -9*a + 7*a - 4 = 0. List the prime factors of a/((-4)/(240/3)).
2, 5
List the prime factors of -3 - (1 - 50) - (-2 - -1).
47
Suppose 3*u - 9 - 39 = 0. Let y = u - 9. Suppose m + 4*k + 6 = 0, -y + 44 = 3*m + k. What are the prime factors of m?
2, 7
Let c(l) = l**2 - 3*l + 4. Suppose -2*m - 2*m = -12. Let i be c(m). Suppose -2*x + 0*x = -i. List the prime factors of x.
2
Suppose -420 = -9*z + 6*z. List the prime factors of z.
2, 5, 7
Let z = -409 + 654. List the prime factors of z.
5, 7
Let v(k) = -7*k - 1. Let m be v(1). Let q(z) = z**3 + 8*z**2 - z + 7. What are the prime factors of q(m)?
3, 5
Suppose -2*c - 12 + 2 = 0. Let r(k) = k**3 + k**2 + 6*k - 8. Let s(v) = -v**3 - 6*v + 9. Let y(u) = -6*r(u) - 5*s(u). List the prime factors of y(c).
2
Suppose 0 = 5*c + 4*q - 134, 5*q + 131 - 6 = 5*c. List the prime factors of c.
2, 13
Let w = 1 - -2. Suppose 0*i + w*i = 36. List the prime factors of i.
2, 3
Let d = -11 - -109. List the prime factors of d.
2, 7
Let z(d) = 74*d**2 - 2*d - 1. What are the prime factors of z(-1)?
3, 5
Suppose 3*g - 3 - 6 = 0. Suppose g = -b + 7. Suppose h - 2*h = -2*y + 33, b*y + 2*h = 86. List the prime factors of y.
19
Let a(o) = -14*o + 1. Let d be 1 - 0*2/4. Let k be a(d). Let z = k + 25. List the prime factors of z.
2, 3
Suppose -3*t + 3 = -4*c, 2*c + 40 = 7*c + 5*t. What are the prime factors of c?
3
Suppose p + 2*p = 3. Let v = 16 + p. List the prime factors of v.
17
Suppose x - 4 = 1, 0 = 3*s + 3*x - 36. Let a = 37 - s. List the prime factors of 4/5*a/4.
2, 3
List the prime factors of 15*((-1)/(-5))/(3/81).
3
Suppose 5*m = -136 + 561. What are the prime factors of m?
5, 17
Let o(r) = 3*r + 10. List the prime factors of o(9).
37
List the prim